- j**4/24 - 7*j**3/3 - 8*j**2. Let s(z) = 5*o(z) - 8*u(z). Give s(3).
20
Let y(k) be the third derivative of k**4/12 + k**3/6 + 4*k**2. Let b be 117/7 + (-4)/(-14). Let a = 13 - b. Calculate y(a).
-7
Let l(t) = t**2 + 3*t - 3. Let x(f) = 8*f + 202. Let n be x(-26). Let w = 2 + 0. Let k = w + n. Calculate l(k).
1
Let n(z) = z**2 + 20*z - 13. Let f(v) = 18*v + 4 - 1 - 2 + v**2 - 14. Let q(w) = 6*f(w) - 5*n(w). Calculate q(-9).
-4
Let p(b) = b - 11. Let l be (-159)/9 + 4/(-12). Let j = l - -26. Calculate p(j).
-3
Let r(m) = m**2 + 7*m - 1. Suppose s - 7 = 2*s. Give r(s).
-1
Let y(l) = 2*l - 18*l + 12*l. Determine y(-2).
8
Let g(t) = -t**3 + 11*t**2 + 3*t - 14. Suppose 46*a + 12*a - 638 = 0. Give g(a).
19
Let k(q) be the first derivative of -q**3/3 + q**2/2 + 4*q + 111. Let t be ((-30)/(-4))/5*2. Determine k(t).
-2
Let m(p) = 2*p**2 + 8*p - 6. Suppose 5*i + 23 = 4*a, -3*i + i - 11 = -a. Give m(i).
36
Let r(o) = -o. Suppose 33 = 5*n + 2*c, n - 6 = -4*c + 15. Let y be (6/n)/((-9)/30). Let q be r(y). Let b(m) = -m**2 + 6*m - 6. Determine b(q).
2
Let n(w) be the first derivative of -w**3/3 - 2*w**2 - w + 157. What is n(-6)?
-13
Let g(j) = j**3 - 16*j**2 - 18*j + 11. Let l be (-106)/(-6) + (10 - 288/27). What is g(l)?
-6
Let a(g) = -g**3 - 8*g**2 - 5*g - 11. Suppose 0 = -3*v - 4*w - 8, 5*v + 10*w = 5*w - 20. Calculate a(v).
29
Let r(o) = o**2 - 7*o - 1. Suppose 373 - 409 = -6*a. Calculate r(a).
-7
Let j(u) = 5*u + 5. Let m(x) = -3*x - 2. Let t(k) = 2*j(k) + 5*m(k). Suppose 0 = -2*h - 6. Let d = h - -2. Determine t(d).
5
Let u = 62 + -56. Suppose 6*l - 6*l - u*l = 0. Let b(k) be the second derivative of k**3/6 - 9*k**2/2 + k. Give b(l).
-9
Let l(j) = -j**2 + 39*j - 45. Let d be l(38). Let z(a) = -3*a - 9. What is z(d)?
12
Let n(j) = 5*j**2 + 4*j + 10. Let p(f) = f**2 + f + 3. Let l(q) = -n(q) + 4*p(q). Calculate l(2).
-2
Let x(y) = y**2 - 4*y + 2. Let h = 0 + -4. Let g = 6 + h. Determine x(g).
-2
Suppose 4*u - 19 = 3*x, -3*u - 4*x = 4 + 13. Let a be ((-4)/(-10))/((-8)/(-16040)). Let q(r) = 4*r**2 + a - 802. Determine q(u).
4
Let l(z) be the first derivative of -z**4/4 + 13*z**3/3 - 13*z**2/2 + 7*z - 184. Determine l(12).
-5
Let i(m) = -m**2 + 3*m + 21. Let p(x) = -13*x - 56. Let n be p(-4). What is i(n)?
-7
Let n(u) = -u**3 - 7*u**2 + 10. Let x be 3 + ((-106)/(-2) - 3). Let b be x/4 + (-3)/12. Suppose 2*z = -1 - b. Give n(z).
10
Let d(v) = -v**2 - 13*v - 10. Let n(z) = -2*z - 1. Let c(k) = -d(k) + 4*n(k). Calculate c(-5).
6
Let x = -140 - -34. Let k = x + 100. Let r(s) = -s**2 - 5*s + 8. Determine r(k).
2
Let h(b) = b**3 + 3*b**2 + 2*b + 3. Suppose 2*s + 12 = n - 8, 4*n - 100 = 3*s. Let k = n - 30. What is h(k)?
3
Suppose 4*l = 14*l - 20. Let c(m) = -15*m - 8*m + 8 + m**l + 19*m - 5*m. Give c(7).
-6
Let y(r) be the third derivative of r**5/60 + r**4/6 + 2*r**3/3 - 24*r**2. Suppose j = -3 + 8. Suppose j*a = -19 + 4. Give y(a).
1
Suppose h = -i + 10, 0 = -i - 2*i - 2*h + 32. Suppose -17*v + 10 = -i*v. Let l(f) = -4*f**v + 5 - 10 + 3*f**2 - 6*f. Calculate l(-5).
0
Let m(b) = -3*b**3 - 2*b**2 - 3*b - 2. Suppose 5 = 2*p + 3, -2*w - 4*p = 0. Determine m(w).
20
Let m(t) = 3*t**2 + 2*t - 2. Let c be m(-2). Let x = c + -1. Let l(w) be the second derivative of -w**5/20 + 5*w**4/12 - 7*w**2/2 + 4*w. What is l(x)?
-7
Let i(b) = -b**3 - 5*b**2 - 5*b - 1. Let k be i(-4). Let s(l) = l**2 + 3*l - k*l + l - 1 + 0*l**2. Let m be ((-12)/20)/((-1)/(-5)). Give s(m).
5
Let t be ((-8)/10*(-85)/(-34))/(-1). Suppose 4*c - 2 = 3*o + 13, 3*c + 15 = -3*o. Suppose 2*z + c*z = t. Let x(f) = 4*f - 1. Determine x(z).
3
Let f(m) = -m - 11. Let c(o) = -3*o - 23. Let i = 10 + -15. Let t(w) = i*f(w) + 2*c(w). Give t(7).
2
Let n be (8 + -11)*(-2)/3. Let i(b) be the first derivative of -5*b - 1/2*b**n - 4. What is i(-4)?
-1
Suppose -25*r + 6 = -23*r. Let x(m) = -11*m - r*m + 22*m - 9*m. What is x(2)?
-2
Suppose 3*o = -3*y + 27, 0*o + 4*o = 3*y + 15. Let i(u) be the third derivative of -2*u**2 - 1/2*u**3 - 2*u - 1/60*u**5 + 0 + 1/4*u**4. Determine i(o).
-3
Let z = -22 + 13. Let q = 4 + z. Let v(o) = -o**3 - 5*o**2. Determine v(q).
0
Let a(z) = z - 2. Let g(y) = -y**3 + 8*y**2 - 8*y + 15. Let f be g(7). Calculate a(f).
6
Let i = -1 - -4. Let r(q) be the second derivative of q**3/6 + 4*q. Let f(o) = o**3 - o**2 - 2. Let g(t) = -f(t) + r(t). Give g(i).
-13
Suppose 0 = 3*w - 4 - 14. Suppose 0 = 12*f + w + 18. Let j(i) = i**2 - 2*i - 1. Let s(a) = -1. Let z(g) = -j(g) - s(g). What is z(f)?
-6
Let x(q) = 5*q + 4. Let f be ((-12)/10*1)/(38/95). Calculate x(f).
-11
Let l(b) = -34 + 5*b - b + 35 - 7*b. Let v be 4/(-8) + 10/4. Give l(v).
-5
Let z = -2 - -6. Let n(c) = 30 + 37 + 3*c + 29 - 97. Calculate n(z).
11
Let m(d) = -20*d - 1. Let x = -21 + 48. Let l be x/(-21) + 2/7. Calculate m(l).
19
Let a(o) be the first derivative of o**4/4 - 4*o**3/3 - o**2 - 2*o - 194. Suppose -u - 15 = -4*u. Calculate a(u).
13
Suppose 4*x - 3*r = 0, -2*x = 4*r - 25 + 3. Suppose -3*j - 3*m - 6 = 0, -m - 11 = -2*j - x. Let n be j + (3 - 3) + -3. Let i(z) = z**2 - z - 1. Determine i(n).
1
Suppose 5*h = 8 - 3. Let c(z) = 6*z**2 - 24*z + 24. Suppose -2*f = -f - 5. Let a(y) = -y**2 + 5*y - 5. Let g(l) = f*c(l) + 24*a(l). Calculate g(h).
6
Let g(t) = -12*t**3 - 4*t**2 + 5*t + 7. Let w(i) = -10*i**3 - 3*i**2 + 4*i + 5. Let f(r) = 3*g(r) - 4*w(r). Let h(k) = k + 1. Let o be h(0). What is f(o)?
4
Let t(u) = u + 4. Let l(h) = 2. Let f(w) = 11*l(w) - 6*t(w). Suppose 10 = -0*a - 5*a. What is f(a)?
10
Let n(s) be the third derivative of s**4/6 + s**3/6 + s**2. Let v(i) = 1 + 0 - 2 + 34*i + 6 - 14*i. Let g(j) = 11*n(j) - 2*v(j). Calculate g(2).
9
Let s(m) = -m**3 - 16*m**2 - 15*m + 15. Let z be s(-15). Suppose 7*r = -z - 13. Let n(b) = b**2 + 6*b + 6. What is n(r)?
-2
Let u(y) be the third derivative of y**6/720 + 3*y**5/40 + y**4 - 25*y**2. Let k(g) be the second derivative of u(g). Suppose -b + 18 = -4*b. Calculate k(b).
3
Let w(f) = 0 + f**2 + 0*f**2 - 1 - 6511*f - 5 + 6517*f. Suppose o + 36 = -5*o. Give w(o).
-6
Let j = 48 - 33. Suppose -c + j = 3*i - 3*c, -5*c - 21 = -2*i. Let g(n) = n**2 + n - 3. What is g(i)?
9
Let x(s) = 33 + 3*s - 30 - 6*s. Give x(-3).
12
Let g(j) = j**3 + 8*j**2 - 10*j - 5. Let x be 19/(-2) - (-2)/4. Let n be g(x). Let z(m) be the first derivative of 3*m**2/2 - 6*m - 2. Determine z(n).
6
Let a(c) be the first derivative of -c**3/3 - c**2/2 - c - 746. Suppose 6*v = v. Suppose -5*l = -v*l + 10. What is a(l)?
-3
Let f(k) = k**3 + 13*k**2 + 9*k - 9. Let a(s) = 4*s**3 + 53*s**2 + 36*s - 37. Let n(p) = 2*a(p) - 9*f(p). Determine n(-10).
-3
Let z(v) = v - 9. Suppose -o + 0*o + 6 = 0. What is z(o)?
-3
Let c(k) = k**3 + 14*k**2 - k - 10. Let m be c(-14). Suppose m*u = 5*u. Suppose u = -2*d + d - 5. Let f(b) = b**2 + 5*b + 2. What is f(d)?
2
Let v(s) be the first derivative of 1/4*s**4 + 5/2*s**2 + 8/3*s**3 + 3*s - 7. Calculate v(-7).
17
Let s = 146 - 147. Let v(y) = -4*y**3 + y**2 + y + 1. Determine v(s).
5
Let s be 9 - -1 - (-12)/(2 - 6). Let h(u) = 3*u**2 + 2*u + 3. Let k(o) = -o**2 + o + 1. Let n(b) = h(b) + 4*k(b). What is n(s)?
0
Let m = -895 - -895. Let a(q) be the second derivative of m - 9*q - 5/2*q**2 - 2/3*q**3. What is a(-6)?
19
Let w(k) = k + 1. Let g be 1 + 5 - (-27 + 34). What is w(g)?
0
Let h = 240 - 234. Suppose -l + 65 = -6*l. Let q(f) = 6*f**3 - f**2 + f + 5. Let j(k) = 11*k**3 - 2*k**2 + 2*k + 11. Let y(m) = h*j(m) + l*q(m). Determine y(1).
-11
Let a(i) be the first derivative of i**5/20 - i**4/12 - 5*i**3/6 + 2*i**2 - 11*i + 20. Let u(k) be the first derivative of a(k). Determine u(3).
7
Suppose 22*b - 18*b = 12. Let f(o) = -b*o**3 + 2*o**3 + o - 28 + 24 + 4*o**2. Give f(4).
0
Let g(d) = 2*d**3 - 2*d**2 + d. Let m be 1/2 + 10/4. Suppose -i = m*i - 4. Suppose 2*l + i = -2*t + 5*t, -l = -t. Give g(t).
1
Let t(z) = z + 20. Suppose -5*m + 2*u - 15 = -17, 0 = m + u + 1. Calculate t(m).
20
Suppose -54*c - 2*z + 14 = -52*c, -2*z = -3*c + 1. Let t(j) = -j**2 - 4*j + 16. Calculate t(c).
-5
Suppose 114 = 5*b + 54. Suppose 5*a + 65 = 5*n, b = -0*n + 4*n + 4*a. Let t(p) = p**3 - 8*p**2 - 5. What is t(n)?
-5
Let s(b) = 3*b - 9. Let t(x) = 2*x - 8. Let f(p) = -3*s(p) + 4*t(p). Suppose 7 = g - 2*l, l - 13 = -3*g - l. Suppose z = g*z. Determine f(z).
-5
Let i(s) = -2 - 9*s + 3*s**2 - s**3 + 7 + 12*s - 3. Let 